f q and 220?
44
Let a be 2/((-7)/(-444 + -4)). Let r(l) = 7*l + 4. Let j be r(4). Calculate the greatest common factor of j and a.
32
Let a(r) = r**3 - 3*r**2 + 2*r. Let c be a(3). Suppose -4*u + 34 + c = 0. Calculate the greatest common factor of 10 and u.
10
Let p be 8/2 - (1 - 3). Suppose 2*m + 5*n = 0, -5*m - 5*n = -21 + p. Suppose -m*b + b = -96. Calculate the greatest common factor of b and 3.
3
Suppose -a + 3*x + 15 = 3*a, -5*a + 4*x = -19. What is the greatest common divisor of a and 27?
3
Let n = -7 - -24. Let d(f) = -2*f**2 - 3*f. Let l be d(-3). Let a = l + n. Calculate the greatest common divisor of 40 and a.
8
Suppose -2*f - 33 = -7*s + 4*s, 0 = 2*s + 5*f - 22. Suppose -2*o + 3*o - 1 = 0. Calculate the greatest common divisor of o and s.
1
Let l(v) = v**2 - 4*v - 3. Let o be l(6). What is the greatest common divisor of o and 54?
9
Suppose -3*q - 2*f + 21 = 0, 7*q - 34 = 2*q - 3*f. Suppose q*m - 8 = -3. What is the greatest common divisor of m and 5?
1
Suppose -630 - 560 = -14*l. Calculate the greatest common factor of 34 and l.
17
Let g be (-2)/(-4) + 95/2. What is the greatest common factor of g and 24?
24
Suppose -2*u + 2 = -4. Calculate the highest common divisor of u and 3.
3
Let z(p) = -2*p**2 - p - 1. Let s be z(4). Let r be (-2)/8 + s/(-4). Suppose -3*x + 13 = 4. What is the highest common divisor of r and x?
3
Let m = 13 + -3. Let i = -504 + 534. Calculate the greatest common factor of m and i.
10
Suppose 326 = 4*a + 258. Calculate the highest common factor of a and 187.
17
Suppose 0 = r - 6*r + 25. Suppose 0 = 3*c - 2*a + 48, -c - 4*a - 6 = 10. Let s be 5*-1*c/2. What is the greatest common factor of r and s?
5
Suppose -2*k - 4*x + 6 = 0, 3*x = -1 - 11. Suppose 55*h - 51*h - 132 = 0. What is the highest common factor of h and k?
11
Let c be (-2 + 2)/(2/(-2)). Suppose 5*r = 2*y - 6*y + 205, c = -y - 3*r + 53. Calculate the highest common factor of y and 10.
10
Suppose -r - 27 - 19 = -3*u, -2*u + 35 = -5*r. Calculate the greatest common factor of u and 120.
15
Let v = 159 + -558. Let k be v/(-27) - (-4)/18. What is the greatest common factor of k and 135?
15
Suppose 0 = 4*r + r - 90. Let a(t) = 12*t - 12. Let m(n) = n - 1. Let q(z) = 3*a(z) - 30*m(z). Let k be q(4). Calculate the highest common factor of k and r.
18
Let z = -85 + 95. What is the greatest common factor of 80 and z?
10
Let o = -10 + 22. What is the greatest common divisor of 6 and o?
6
Let i = -40 - -26. Let h be (i/3)/(2/(-6)). Calculate the highest common divisor of 56 and h.
14
Let r(s) = -48*s**2 - s. Let a be r(1). Let b = 89 + a. Calculate the highest common divisor of b and 10.
10
Suppose v - 1 = 6. Let a(f) = -f**3 + 8*f**2 - 6*f - 4. Let h be a(v). Suppose 22 = -h*r + 94. What is the highest common factor of r and 6?
6
Let c(o) = o**2 - 7*o + 5. Let d be c(6). Let l be 2 - (d - (-2 + 16)). Let f be (l/(-4))/((-1)/4). What is the greatest common divisor of f and 17?
17
Let i(a) = -35*a + 1. Let k be i(-1). Let q = 11 + -8. Suppose q*g + g = k. Calculate the greatest common divisor of 3 and g.
3
Let z = -5 + 7. Suppose 0 = -c - 2*n + 14, 6*n - z*n + 32 = 4*c. Let o(w) = 2*w**2 - 9*w - 5. Let m be o(7). Calculate the highest common divisor of c and m.
10
Let u be 480/8 - 8/2. What is the highest common divisor of 8 and u?
8
Let c be (-14)/(-4) + 5/10. Suppose 2*v = -0*v + 16. Let l = c + v. Calculate the greatest common divisor of l and 108.
12
Suppose 3*d - 1240 = -2*d. What is the greatest common factor of 31 and d?
31
Suppose 95 = -2*j - 45. Let r = j + 98. Calculate the greatest common divisor of 168 and r.
28
Suppose 50 = 3*m + 2*m - 5*y, 41 = 4*m - 5*y. Suppose 4*j - 3 = j. What is the highest common divisor of m and j?
1
Let s(o) = 2*o**2 - 12*o - 8. Let y be s(11). Suppose -2*n = -4*n + y. Suppose 71 = 2*j + 3. Calculate the greatest common factor of j and n.
17
Suppose 3*q = 0, 2*r - 2*q + 6 = -3*q. Let v be r*1/3 - -5. What is the greatest common divisor of v and 10?
2
Let o(b) be the second derivative of b**3 - b**2/2 + b. Let h be o(2). Suppose -5*k + 77 = 22. What is the highest common factor of k and h?
11
Let j(d) = d**2 - 3*d - 2. Let f be j(-3). Calculate the highest common divisor of f and 64.
16
Suppose -132 = 3*w - 5*t, 0*t + 2*t + 153 = -3*w. Let u = 71 + w. Calculate the greatest common divisor of u and 55.
11
Suppose 2*t = 4*x - 4, 4*x - 1 = 3*t + 1. What is the greatest common factor of 16 and t?
2
Suppose 783 = 5*w + 3*i, -w + 179 = -4*i - i. Suppose m + w = 2*q, -4*q - 2*m = 3*m - 325. Calculate the highest common divisor of 8 and q.
8
Let f = -8 - -10. Suppose f*c - 167 = n + 102, -5*c = -2*n - 671. Calculate the greatest common factor of 19 and c.
19
Let q(k) = -k**3 + 14*k**2 + 2*k - 10. Let r be q(14). What is the greatest common divisor of r and 2?
2
Let l(x) = -x**2 - 5*x - 3. Let b be l(-5). Let n = b + 6. Suppose 36 = n*v - 0*v. What is the highest common divisor of v and 12?
12
Let h be (2 + -4)*(-3)/2. Suppose 19 = h*q - 5. Calculate the highest common factor of 8 and q.
8
Let x(m) = -m**2 - 23*m + 54. Let v be x(-22). What is the highest common divisor of 114 and v?
38
Let p = 443 - 227. Calculate the highest common divisor of 27 and p.
27
Suppose -11 = 4*l + 2*s - 49, 4*l - 18 = 2*s. Let w be (-4)/14 - (-23)/l. Suppose -w*i = 2*i - 35. What is the highest common divisor of i and 21?
7
Let s(v) = -v**3 + 9*v**2 - 16*v + 22. Let d be s(7). Calculate the greatest common factor of d and 28.
4
Let v(g) = g**3 - 7*g**2 - 7*g - 2. Let o be v(8). Let u = 2 - o. Let d be u/(-10) + (-354)/(-15). What is the highest common factor of d and 12?
12
Let y = -2 - -2. Suppose 0 = r + 3*q - 174, y = 2*r - 4*q - 0*q - 308. Suppose 0*a - 6*a = -108. What is the highest common divisor of a and r?
18
Let a be (-13 - 7)/(1*-2). Suppose -6 - a = -4*d. Calculate the highest common divisor of 4 and d.
4
Suppose -3*a + 30 = -5*t - 65, 0 = -4*a + 5*t + 120. What is the highest common factor of a and 200?
25
Let d = 2 - -1. Suppose 0 = -k - 5*v + 215 + 61, -d*v = 3*k - 828. Suppose 2*q + 78 - k = 0. Calculate the highest common divisor of q and 11.
11
Let z(c) = -2*c**2 + 9*c. Let a be z(4). Let g be -3*(14/(-6) + 1). Suppose 14 - g = q. Calculate the greatest common factor of a and q.
2
Let n(c) = -c**3 + 7*c**2 - 5*c + 1. Let g be n(2). What is the greatest common factor of 11 and g?
11
Let p(v) = v**3 - 7*v**2 + 3*v - 6. Let s be 5/(-25) - (-36)/5. Let w be p(s). What is the highest common divisor of 10 and w?
5
Suppose -h - 5 = -3*i, 0 = 4*i - 5*h - 0 - 3. Suppose 0 = -i*d - 71 + 401. Calculate the greatest common divisor of 15 and d.
15
Let y = -292 - -69. Let i be (-12)/(-30) + y/(-5). Calculate the highest common factor of i and 30.
15
Let o(w) = 3*w + 2. Let s be (0 + 1)*(-12)/(-3). Let z be o(s). Let v = -9 + z. What is the greatest common factor of 20 and v?
5
Let q be 0 + (2 + 3 - -3). Suppose 50 = -3*d + q*d. Suppose m = 5*m - 280. Calculate the greatest common factor of m and d.
10
Let s = -5 - -16. Let k = 125 - 37. Calculate the highest common factor of s and k.
11
Suppose -3*p + 700 = p. What is the greatest common factor of 25 and p?
25
Let t(n) = n**2 + n + 2. Let f be t(-2). Calculate the greatest common divisor of f and 2.
2
Let h(r) = -r**3 + 7*r**2 + 2*r - 1. Let g be h(7). What is the highest common factor of g and 221?
13
Let k be 683/2 - 6/(-4). What is the greatest common factor of 49 and k?
49
Let r = 15 - 10. Let y be r/(-10)*(-90)/1. Suppose w = -w + 10. What is the greatest common factor of y and w?
5
Let u(n) = -n**3 + n**2 + 30*n + 2. Let j be u(6). Let g be (2 + 30)*(-3)/(-4). Suppose -d - d + g = 0. Calculate the highest common factor of d and j.
2
Suppose 0*g - 4*g - 320 = -2*o, -4*o - g = -685. Calculate the greatest common divisor of 68 and o.
34
Let m = -32 - -7. Let a = -23 - -61. Let i = m + a. What is the highest common divisor of 65 and i?
13
Let j be 1/8 + (-1106)/(-112). Let m be (-50)/(-2 + 0 - -1). Calculate the greatest common factor of j and m.
10
Suppose -3*z + 3*h + 102 = -2*h, 0 = -2*z - 5*h + 43. Suppose -q = -z + 8. Calculate the highest common factor of q and 7.
7
Let i(k) = -k**2 - 12*k + 16. Let m be i(-12). Let y be 1/(-1) + (82 - 1). What is the greatest common divisor of y and m?
1